{"id":70,"date":"2020-05-26T11:29:46","date_gmt":"2020-05-26T11:29:46","guid":{"rendered":"http:\/\/www.haarkultur.at\/?page_id=70"},"modified":"2020-06-08T14:00:31","modified_gmt":"2020-06-08T14:00:31","slug":"abg-2","status":"publish","type":"page","link":"http:\/\/www.haarkultur.at\/index.php\/abg-2\/","title":{"rendered":"Impressum"},"content":{"rendered":"\t\t<div data-elementor-type=\"wp-page\" data-elementor-id=\"70\" class=\"elementor elementor-70\">\n\t\t\t\t\t\t<div class=\"elementor-inner\">\n\t\t\t\t<div class=\"elementor-section-wrap\">\n\t\t\t\t\t\t\t\t\t<section class=\"elementor-section elementor-top-section elementor-element elementor-element-835596c elementor-section-boxed elementor-section-height-default elementor-section-height-default\" data-id=\"835596c\" data-element_type=\"section\">\n\t\t\t\t\t\t<div class=\"elementor-container elementor-column-gap-default\">\n\t\t\t\t\t\t\t<div class=\"elementor-row\">\n\t\t\t\t\t<div class=\"elementor-column elementor-col-100 elementor-top-column elementor-element elementor-element-01d8292\" data-id=\"01d8292\" data-element_type=\"column\">\n\t\t\t<div class=\"elementor-column-wrap elementor-element-populated\">\n\t\t\t\t\t\t\t<div class=\"elementor-widget-wrap\">\n\t\t\t\t\t\t<div class=\"elementor-element elementor-element-1ffc1c0 elementor-widget elementor-widget-text-editor\" data-id=\"1ffc1c0\" data-element_type=\"widget\" data-widget_type=\"text-editor.default\">\n\t\t\t\t<div class=\"elementor-widget-container\">\n\t\t\t\t\t\t\t\t<div class=\"elementor-text-editor elementor-clearfix\">\n\t\t\t\t<p><b>IMPRESSUM<\/b><\/p>\t\t\t\t\t<\/div>\n\t\t\t\t\t\t<\/div>\n\t\t\t\t<\/div>\n\t\t\t\t\t\t<\/div>\n\t\t\t\t\t<\/div>\n\t\t<\/div>\n\t\t\t\t\t\t\t\t<\/div>\n\t\t\t\t\t<\/div>\n\t\t<\/section>\n\t\t\t\t<section class=\"elementor-section elementor-top-section elementor-element elementor-element-fa942df elementor-section-boxed elementor-section-height-default elementor-section-height-default\" data-id=\"fa942df\" data-element_type=\"section\">\n\t\t\t\t\t\t<div class=\"elementor-container elementor-column-gap-default\">\n\t\t\t\t\t\t\t<div class=\"elementor-row\">\n\t\t\t\t\t<div class=\"elementor-column elementor-col-100 elementor-top-column elementor-element elementor-element-5b87770\" data-id=\"5b87770\" data-element_type=\"column\">\n\t\t\t<div class=\"elementor-column-wrap elementor-element-populated\">\n\t\t\t\t\t\t\t<div class=\"elementor-widget-wrap\">\n\t\t\t\t\t\t<div class=\"elementor-element elementor-element-8e8939c elementor-widget elementor-widget-text-editor\" data-id=\"8e8939c\" data-element_type=\"widget\" data-widget_type=\"text-editor.default\">\n\t\t\t\t<div class=\"elementor-widget-container\">\n\t\t\t\t\t\t\t\t<div class=\"elementor-text-editor elementor-clearfix\">\n\t\t\t\t<p><strong>Haarkultur<\/strong><br \/>Gesch\u00e4ftsf\u00fchrer: Andrea Sommerauer<br \/>Wiener Bundesstra\u00dfe 23<br \/>5300 Hallwang<br \/>Tel.: +43 (0) 664 5027417<br \/>E-Mail: salon@haarkultur.at<br \/>Web: www.haarkultur.at<br \/>UID Nr: ATU73884727<\/p>\t\t\t\t\t<\/div>\n\t\t\t\t\t\t<\/div>\n\t\t\t\t<\/div>\n\t\t\t\t\t\t<\/div>\n\t\t\t\t\t<\/div>\n\t\t<\/div>\n\t\t\t\t\t\t\t\t<\/div>\n\t\t\t\t\t<\/div>\n\t\t<\/section>\n\t\t\t\t<section class=\"elementor-section elementor-top-section elementor-element elementor-element-4de5aca elementor-section-boxed elementor-section-height-default elementor-section-height-default\" data-id=\"4de5aca\" data-element_type=\"section\">\n\t\t\t\t\t\t<div class=\"elementor-container elementor-column-gap-default\">\n\t\t\t\t\t\t\t<div class=\"elementor-row\">\n\t\t\t\t\t<div class=\"elementor-column elementor-col-100 elementor-top-column elementor-element elementor-element-7edc0ab\" data-id=\"7edc0ab\" data-element_type=\"column\">\n\t\t\t<div class=\"elementor-column-wrap elementor-element-populated\">\n\t\t\t\t\t\t\t<div class=\"elementor-widget-wrap\">\n\t\t\t\t\t\t<div class=\"elementor-element elementor-element-11b787e elementor-widget elementor-widget-text-editor\" data-id=\"11b787e\" data-element_type=\"widget\" data-widget_type=\"text-editor.default\">\n\t\t\t\t<div class=\"elementor-widget-container\">\n\t\t\t\t\t\t\t\t<div class=\"elementor-text-editor elementor-clearfix\">\n\t\t\t\t<p><strong>Konzept &amp; Produktion<br \/><\/strong>Sarah Anna Design<br \/>Am Sonnenrain 21<br \/>5300 Hallwang<br \/>Tel: +43 (0) 664 1665602<br \/>www.sarahannadesign.com<\/p><p><strong><br \/>Allgemeiner Rechtshinweis<br \/><\/strong>Alle Inhalte dieser Website wurden mit gr\u00f6\u00dfter Sorgfalt recherchiert und gewartet, und werden laufend aktualisiert und \u00fcberarbeitet. Die Betreiber dieser Website \u00fcbernehmen keine Haftung oder Gew\u00e4hr f\u00fcr die Richtigkeit, Vollst\u00e4ndigkeit oder Aktualit\u00e4t dieser Inhalte. Sie sind f\u00fcr die Inhalte auf Websites Dritter, auf die hier auf dieser Website verlinkt wird, weder verantwortlich noch haftbar im Falle von Sch\u00e4den.<\/p>\t\t\t\t\t<\/div>\n\t\t\t\t\t\t<\/div>\n\t\t\t\t<\/div>\n\t\t\t\t\t\t<\/div>\n\t\t\t\t\t<\/div>\n\t\t<\/div>\n\t\t\t\t\t\t\t\t<\/div>\n\t\t\t\t\t<\/div>\n\t\t<\/section>\n\t\t\t\t\t\t\t\t\t<\/div>\n\t\t\t<\/div>\n\t\t\t\t\t<\/div>\n\t\t","protected":false},"excerpt":{"rendered":"<p>IMPRESSUM HaarkulturGesch\u00e4ftsf\u00fchrer: Andrea SommerauerWiener Bundesstra\u00dfe 235300 HallwangTel.: +43 (0) 664 5027417E-Mail: salon@haarkultur.atWeb: www.haarkultur.atUID Nr: ATU73884727 Konzept &amp; ProduktionSarah Anna DesignAm Sonnenrain 215300 HallwangTel: +43 (0) 664 1665602www.sarahannadesign.com Allgemeiner RechtshinweisAlle Inhalte dieser Website wurden mit gr\u00f6\u00dfter Sorgfalt recherchiert und gewartet, und werden laufend aktualisiert und \u00fcberarbeitet. Die Betreiber dieser Website \u00fcbernehmen keine Haftung oder Gew\u00e4hr f\u00fcr [&hellip;]<\/p>\n","protected":false},"author":2,"featured_media":0,"parent":0,"menu_order":0,"comment_status":"closed","ping_status":"closed","template":"","meta":[],"_links":{"self":[{"href":"http:\/\/www.haarkultur.at\/index.php\/wp-json\/wp\/v2\/pages\/70"}],"collection":[{"href":"http:\/\/www.haarkultur.at\/index.php\/wp-json\/wp\/v2\/pages"}],"about":[{"href":"http:\/\/www.haarkultur.at\/index.php\/wp-json\/wp\/v2\/types\/page"}],"author":[{"embeddable":true,"href":"http:\/\/www.haarkultur.at\/index.php\/wp-json\/wp\/v2\/users\/2"}],"replies":[{"embeddable":true,"href":"http:\/\/www.haarkultur.at\/index.php\/wp-json\/wp\/v2\/comments?post=70"}],"version-history":[{"count":6,"href":"http:\/\/www.haarkultur.at\/index.php\/wp-json\/wp\/v2\/pages\/70\/revisions"}],"predecessor-version":[{"id":159,"href":"http:\/\/www.haarkultur.at\/index.php\/wp-json\/wp\/v2\/pages\/70\/revisions\/159"}],"wp:attachment":[{"href":"http:\/\/www.haarkultur.at\/index.php\/wp-json\/wp\/v2\/media?parent=70"}],"curies":[{"name":"wp","href":"https:\/\/api.w.org\/{rel}","templated":true}]}}

<div data-elementor-type="wp-page" data-elementor-id="70" class="elementor elementor-70">
						<div class="elementor-inner">
				<div class="elementor-section-wrap">
									<section class="elementor-section elementor-top-section elementor-element elementor-element-835596c elementor-section-boxed elementor-section-height-default elementor-section-height-default" data-id="835596c" data-element_type="section">
						<div class="elementor-container elementor-column-gap-default">
							<div class="elementor-row">
					<div class="elementor-column elementor-col-100 elementor-top-column elementor-element elementor-element-01d8292" data-id="01d8292" data-element_type="column">
			<div class="elementor-column-wrap elementor-element-populated">
							<div class="elementor-widget-wrap">
						<div class="elementor-element elementor-element-1ffc1c0 elementor-widget elementor-widget-text-editor" data-id="1ffc1c0" data-element_type="widget" data-widget_type="text-editor.default">
				<div class="elementor-widget-container">
								<div class="elementor-text-editor elementor-clearfix">
				<p><b>IMPRESSUM</b></p>					</div>
						</div>
				</div>
						</div>
					</div>
		</div>
								</div>
					</div>
		</section>
				<section class="elementor-section elementor-top-section elementor-element elementor-element-fa942df elementor-section-boxed elementor-section-height-default elementor-section-height-default" data-id="fa942df" data-element_type="section">
						<div class="elementor-container elementor-column-gap-default">
							<div class="elementor-row">
					<div class="elementor-column elementor-col-100 elementor-top-column elementor-element elementor-element-5b87770" data-id="5b87770" data-element_type="column">
			<div class="elementor-column-wrap elementor-element-populated">
							<div class="elementor-widget-wrap">
						<div class="elementor-element elementor-element-8e8939c elementor-widget elementor-widget-text-editor" data-id="8e8939c" data-element_type="widget" data-widget_type="text-editor.default">
				<div class="elementor-widget-container">
								<div class="elementor-text-editor elementor-clearfix">
				<p><strong>Haarkultur</strong><br />Geschäftsführer: Andrea Sommerauer<br />Wiener Bundesstraße 23<br />5300 Hallwang<br />Tel.: +43 (0) 664 5027417<br />E-Mail: salon@haarkultur.at<br />Web: www.haarkultur.at<br />UID Nr: ATU73884727</p>					</div>
						</div>
				</div>
						</div>
					</div>
		</div>
								</div>
					</div>
		</section>
				<section class="elementor-section elementor-top-section elementor-element elementor-element-4de5aca elementor-section-boxed elementor-section-height-default elementor-section-height-default" data-id="4de5aca" data-element_type="section">
						<div class="elementor-container elementor-column-gap-default">
							<div class="elementor-row">
					<div class="elementor-column elementor-col-100 elementor-top-column elementor-element elementor-element-7edc0ab" data-id="7edc0ab" data-element_type="column">
			<div class="elementor-column-wrap elementor-element-populated">
							<div class="elementor-widget-wrap">
						<div class="elementor-element elementor-element-11b787e elementor-widget elementor-widget-text-editor" data-id="11b787e" data-element_type="widget" data-widget_type="text-editor.default">
				<div class="elementor-widget-container">
								<div class="elementor-text-editor elementor-clearfix">
				<p><strong>Konzept &amp; Produktion<br /></strong>Sarah Anna Design<br />Am Sonnenrain 21<br />5300 Hallwang<br />Tel: +43 (0) 664 1665602<br />www.sarahannadesign.com</p><p><strong><br />Allgemeiner Rechtshinweis<br /></strong>Alle Inhalte dieser Website wurden mit größter Sorgfalt recherchiert und gewartet, und werden laufend aktualisiert und überarbeitet. Die Betreiber dieser Website übernehmen keine Haftung oder Gewähr für die Richtigkeit, Vollständigkeit oder Aktualität dieser Inhalte. Sie sind für die Inhalte auf Websites Dritter, auf die hier auf dieser Website verlinkt wird, weder verantwortlich noch haftbar im Falle von Schäden.</p>					</div>
						</div>
				</div>
						</div>
					</div>
		</div>
								</div>
					</div>
		</section>
									</div>
			</div>
					</div>

<p>IMPRESSUM HaarkulturGeschäftsführer: Andrea SommerauerWiener Bundesstraße 235300 HallwangTel.: +43 (0) 664 5027417E-Mail: salon@haarkultur.atWeb: www.haarkultur.atUID Nr: ATU73884727 Konzept &amp; ProduktionSarah Anna DesignAm Sonnenrain 215300 HallwangTel: +43 (0) 664 1665602www.sarahannadesign.com Allgemeiner RechtshinweisAlle Inhalte dieser Website wurden mit größter Sorgfalt recherchiert und gewartet, und werden laufend aktualisiert und überarbeitet. Die Betreiber dieser Website übernehmen keine Haftung oder Gewähr für [&hellip;]</p>
