{"id":112,"date":"2020-05-26T13:30:24","date_gmt":"2020-05-26T13:30:24","guid":{"rendered":"http:\/\/www.haarkultur.at\/?page_id=112"},"modified":"2020-06-08T14:01:12","modified_gmt":"2020-06-08T14:01:12","slug":"agb-datenschutz","status":"publish","type":"page","link":"http:\/\/www.haarkultur.at\/index.php\/agb-datenschutz\/","title":{"rendered":"AGB &#038; Datenschutz"},"content":{"rendered":"\t\t<div data-elementor-type=\"wp-page\" data-elementor-id=\"112\" class=\"elementor elementor-112\">\n\t\t\t\t\t\t<div class=\"elementor-inner\">\n\t\t\t\t<div class=\"elementor-section-wrap\">\n\t\t\t\t\t\t\t\t\t<section class=\"elementor-section elementor-top-section elementor-element elementor-element-835596c elementor-section-boxed elementor-section-height-default elementor-section-height-default\" data-id=\"835596c\" data-element_type=\"section\">\n\t\t\t\t\t\t<div class=\"elementor-container elementor-column-gap-default\">\n\t\t\t\t\t\t\t<div class=\"elementor-row\">\n\t\t\t\t\t<div class=\"elementor-column elementor-col-100 elementor-top-column elementor-element elementor-element-01d8292\" data-id=\"01d8292\" data-element_type=\"column\">\n\t\t\t<div class=\"elementor-column-wrap elementor-element-populated\">\n\t\t\t\t\t\t\t<div class=\"elementor-widget-wrap\">\n\t\t\t\t\t\t<div class=\"elementor-element elementor-element-1ffc1c0 elementor-widget elementor-widget-text-editor\" data-id=\"1ffc1c0\" data-element_type=\"widget\" data-widget_type=\"text-editor.default\">\n\t\t\t\t<div class=\"elementor-widget-container\">\n\t\t\t\t\t\t\t\t<div class=\"elementor-text-editor elementor-clearfix\">\n\t\t\t\t<p><b>AGB &amp; DATENSCHUTZERKL\u00c4RUNG<\/b><\/p>\t\t\t\t\t<\/div>\n\t\t\t\t\t\t<\/div>\n\t\t\t\t<\/div>\n\t\t\t\t\t\t<\/div>\n\t\t\t\t\t<\/div>\n\t\t<\/div>\n\t\t\t\t\t\t\t\t<\/div>\n\t\t\t\t\t<\/div>\n\t\t<\/section>\n\t\t\t\t<section class=\"elementor-section elementor-top-section elementor-element elementor-element-fa942df elementor-section-boxed elementor-section-height-default elementor-section-height-default\" data-id=\"fa942df\" data-element_type=\"section\">\n\t\t\t\t\t\t<div class=\"elementor-container elementor-column-gap-default\">\n\t\t\t\t\t\t\t<div class=\"elementor-row\">\n\t\t\t\t\t<div class=\"elementor-column elementor-col-100 elementor-top-column elementor-element elementor-element-5b87770\" data-id=\"5b87770\" data-element_type=\"column\">\n\t\t\t<div class=\"elementor-column-wrap elementor-element-populated\">\n\t\t\t\t\t\t\t<div class=\"elementor-widget-wrap\">\n\t\t\t\t\t\t<div class=\"elementor-element elementor-element-8e8939c elementor-widget elementor-widget-text-editor\" data-id=\"8e8939c\" data-element_type=\"widget\" data-widget_type=\"text-editor.default\">\n\t\t\t\t<div class=\"elementor-widget-container\">\n\t\t\t\t\t\t\t\t<div class=\"elementor-text-editor elementor-clearfix\">\n\t\t\t\t<p>Verantwortlich f\u00fcr die Verarbeitung Ihrer personenbezogenen Daten auf unserer Website ist die Firma Sarah Anna Design. Die Daten der Firma finden Sie im Impressum.<\/p><p>Der Schutz Ihrer pers\u00f6nlichen Daten ist uns ein besonderes Anliegen. Wir verarbeiten Ihre Daten daher ausschlie\u00dflich auf Grundlage der gesetzlichen Bestimmungen (DSGVO, TKG 2003). In diesen Datenschutzinformationen informieren wir Sie \u00fcber die wichtigsten Aspekte der Datenverarbeitung im Rahmen unserer Website.<\/p><p><strong>Cookies<br \/><\/strong>Unsere Website verwendet so genannte Cookies. Dabei handelt es sich um kleine Textdateien, die mit Hilfe des Browsers auf Ihrem Endger\u00e4t abgelegt werden. Sie richten keinen Schaden an.<\/p><p>Wir nutzen Cookies dazu, unser Angebot nutzerfreundlich zu gestalten. Einige Cookies bleiben auf Ihrem Endger\u00e4t gespeichert, bis Sie diese l\u00f6schen. Sie erm\u00f6glichen es uns, Ihren Browser beim n\u00e4chsten Besuch wiederzuerkennen.<br \/>Wenn Sie dies nicht w\u00fcnschen, so k\u00f6nnen Sie Ihren Browser so einrichten, dass er Sie \u00fcber das Setzen von Cookies informiert und Sie dies nur im Einzelfall erlauben.<br \/>Bei der Deaktivierung von Cookies kann die Funktionalit\u00e4t unserer Website eingeschr\u00e4nkt sein.<\/p><p><strong>\u00c4ndern der Cookie-Einstellungen<\/strong><br \/>Wie der Web-Browser mit Cookies umgeht, welche Cookies zugelassen oder abgelehnt werden, kann der Benutzer in den Einstellungen des Web-Browsers festlegen. Wo genau sich diese Einstellungen befinden, h\u00e4ngt vom jeweiligen Web-Browser ab. Detailinformationen dazu k\u00f6nnen \u00fcber die Hilfe-Funktion des jeweiligen Web-Browsers aufgerufen werden.<\/p><p>Wenn die Nutzung von Cookies eingeschr\u00e4nkt wird, sind unter Umst\u00e4nden nicht mehr alle Funktionen dieser Website vollumf\u00e4nglich nutzbar.<\/p><p><strong>Google Maps<br \/><\/strong>Unsere Webseite nutzt Google Maps um Karteninformationen darzustellen. Durch das verwenden von Google Maps werden von Google Daten eingehoben, verarbeitet und genutzt. Sie k\u00f6nnen unter folgenden Link Informatonen \u00fcber die Datenverarbeitung von Google in Erfahrung bringen: https:\/\/policies.google.com\/privacy?hl=de&amp;gl=at . Sie k\u00f6nnen im Datenschutzcenter ihre pers\u00f6nlichen Einstellungen anpassen.<\/p><p><strong>Verwendung von Facebook Social Plugins<br \/><\/strong>Auf unserer Website werden sogenannte Social Plugins (\u201ePlugins\u201c) des sozialen Netzwerkes Facebook verwendet, das von der Facebook Inc., 1601 S. California Ave, Palo Alto, CA 94304, USA (\u201eFacebook\u201c) betrieben wird. Die Plugins sind mit einem Facebook-Logo oder dem Zusatz \u201eSoziales Plug-in von Facebook\u201c bzw. \u201eFacebook Social Plugin\u201c gekennzeichnet. Eine \u00dcbersicht \u00fcber die Facebook Plugins und deren Aussehen finden Sie hier: https:\/\/developers.facebook.com\/docs\/plugins. Wenn Sie eine Seite unseres Webauftritts aufrufen, die ein solches Plugin enth\u00e4lt, stellt der Browser eine direkte Verbindung zu den Servern von Facebook her. Der Inhalt des Plugins wird von Facebook direkt an den Browser \u00fcbermittelt und in die Seite eingebunden. Durch diese Einbindung erh\u00e4lt Facebook die Information, dass der Browser die entsprechende Seite unseres Webauftritts aufgerufen hat, auch wenn Sie kein Facebook-Profil besitzen oder gerade nicht bei Facebook eingeloggt sind. Diese Information wird von Ihrem Browser direkt an einen Server von Facebook in die USA \u00fcbermittelt und dort gespeichert. Sind Sie bei Facebook eingeloggt, kann Facebook den Besuch unserer Website Ihrem Facebook Profil unmittelbar zuordnen. Wenn Sie mit den Plugins interagieren, zum Beispiel den \u201eGef\u00e4llt mir\u201c- Button bet\u00e4tigen oder einen Kommentar abgeben, wird diese Information ebenfalls direkt an einen Server von Facebook \u00fcbermittelt und dort gespeichert. Die Informationen werden au\u00dferdem auf Ihrem Facebook-Profil ver\u00f6ffentlicht und Ihren Facebook-Freunden angezeigt. Zweck und Umfang der Datenerhebung und die weitere Verarbeitung und Nutzung der Daten durch Facebook sowie Ihre diesbez\u00fcglichen Rechte und Einstellungsm\u00f6glichkeiten zum Schutz Ihrer Privatsph\u00e4re entnehmen Sie bitte den Datenschutzhinweisen von Facebook: http:\/\/www.facebook.com\/policy.php<span class=\"Apple-converted-space\">\u00a0 <\/span>Wenn Sie nicht m\u00f6chten, dass Facebook die \u00fcber unseren Webauftritt gesammelten Daten unmittelbar Ihrem Facebook-Profil zuordnet, m\u00fcssen Sie sich vor dem Besuch unserer Website bei Facebook ausloggen. Sie k\u00f6nnen das Laden der Facebook Plugins auch mit Add-Ons f\u00fcr Ihren Browser komplett verhindern, z.B. mit einem \u201eAd Blocker\u201c(http:\/\/comparitech.net\/facebook-tracking).<\/p><p><strong>Verwendung von AddThis Plugins (z.B. \u201eShare\u201c-Button)<br \/><\/strong>Auf unserer Website werden sogenannte Social Plugins (\u201ePlugins\u201c) des Bookmarking-Dienstes AddThis verwendet, der von der AddThis LLC, Inc. 8000 Westpark Drive, Suite 625, McLean, VA 2210, USA (\u201eAddThis\u201c) betrieben wird. Die Plugins sind meist mit einem AddThis-Logo beispielsweise in Form eines wei\u00dfen Pluszeichens auf orangefarben Grund gekennzeichnet. Eine \u00dcbersicht \u00fcber die AddThis Plugins und deren Aussehen finden Sie hier: https:\/\/www.addthis.com\/get\/sharing<\/p><p>Wenn Sie eine Seite unseres Webauftritts aufrufen, die ein solches Plugin enth\u00e4lt, stellt Ihr Browser eine direkte Verbindung zu den Servern von AddThis her. Der Inhalt des Plugins wird von AddThis direkt an Ihren Browser \u00fcbermittelt und in die Seite eingebunden. Durch die Einbindung erh\u00e4lt AddThis die Information, dass Ihr Browser die entsprechende Seite unseres Webauftritts aufgerufen hat und speichert zur Identifikation Ihres Browsers ein Cookie auf Ihrem Endger\u00e4t. Diese Information (einschlie\u00dflich Ihrer IP-Adresse) wird von Ihrem Browser direkt an einen Server von AddThis in die USA \u00fcbermittelt und dort gespeichert. AddThis verwendet die Daten zur Erstellung anonymisierter Nutzerprofile, die als Grundlage f\u00fcr eine personalisierte und interessenbezogene Werbeansprache der Besucher von Internetseiten mit AddThis-Plugins dient. Zweck und Umfang der Datenerhebung und die weitere Verarbeitung und Nutzung der Daten durch AddThis entnehmen Sie bitte den Datenschutzhinweisen von AddThis: http:\/\/www.addthis.com\/privacy\/privacy-policy<\/p><p>Wenn Sie der Datenerhebung durch AddThis f\u00fcr die Zukunft widersprechen m\u00f6chten, k\u00f6nnen Sie ein sogenanntes Opt-Out-Cookie setzen, das Sie unter folgendem Link herunterladen k\u00f6nnen: http:\/\/www.addthis.com\/privacy\/opt-out Sie k\u00f6nnen das Laden der AddThis Plugins auch mit Add-Ons f\u00fcr Ihren Browser komplett verhindern, z. B. mit dem Skript-Blocker \u201eNoScript\u201c (http:\/\/noscript.net\/).<\/p><p><strong>Ihre Rechte<br \/><\/strong>Ihnen stehen grunds\u00e4tzlich die Rechte auf Auskunft, Berichtigung, L\u00f6schung, Einschr\u00e4nkung, Daten\u00fcbertragbarkeit, Widerruf und Widerspruch zu. Wenn Sie glauben, dass die Verarbeitung Ihrer Daten gegen das Datenschutzrecht verst\u00f6\u00dft oder Ihre datenschutzrechtlichen Anspr\u00fcche sonst in einer Weise verletzt worden sind, k\u00f6nnen Sie sich bei der Aufsichtsbeh\u00f6rde beschweren. In \u00d6sterreich ist dies die Datenschutzbeh\u00f6rde.<\/p><p><strong><br \/>Sie erreichen uns unter folgenden Kontaktdaten:<br \/><\/strong><br \/>Andrea Sommerauer<br \/>Wiener Bundesstra\u00dfe 23<br \/>5300 Hallwang<br \/>Telefon: +43 (0) 664 5027417<br \/>E-Mail: salon@haarkultur.at<br \/>Web: www.haarkultur.at<\/p>\t\t\t\t\t<\/div>\n\t\t\t\t\t\t<\/div>\n\t\t\t\t<\/div>\n\t\t\t\t\t\t<\/div>\n\t\t\t\t\t<\/div>\n\t\t<\/div>\n\t\t\t\t\t\t\t\t<\/div>\n\t\t\t\t\t<\/div>\n\t\t<\/section>\n\t\t\t\t\t\t\t\t\t<\/div>\n\t\t\t<\/div>\n\t\t\t\t\t<\/div>\n\t\t","protected":false},"excerpt":{"rendered":"<p>AGB &amp; DATENSCHUTZERKL\u00c4RUNG Verantwortlich f\u00fcr die Verarbeitung Ihrer personenbezogenen Daten auf unserer Website ist die Firma Sarah Anna Design. Die Daten der Firma finden Sie im Impressum. Der Schutz Ihrer pers\u00f6nlichen Daten ist uns ein besonderes Anliegen. Wir verarbeiten Ihre Daten daher ausschlie\u00dflich auf Grundlage der gesetzlichen Bestimmungen (DSGVO, TKG 2003). In diesen Datenschutzinformationen informieren [&hellip;]<\/p>\n","protected":false},"author":2,"featured_media":0,"parent":0,"menu_order":0,"comment_status":"closed","ping_status":"closed","template":"","meta":[],"_links":{"self":[{"href":"http:\/\/www.haarkultur.at\/index.php\/wp-json\/wp\/v2\/pages\/112"}],"collection":[{"href":"http:\/\/www.haarkultur.at\/index.php\/wp-json\/wp\/v2\/pages"}],"about":[{"href":"http:\/\/www.haarkultur.at\/index.php\/wp-json\/wp\/v2\/types\/page"}],"author":[{"embeddable":true,"href":"http:\/\/www.haarkultur.at\/index.php\/wp-json\/wp\/v2\/users\/2"}],"replies":[{"embeddable":true,"href":"http:\/\/www.haarkultur.at\/index.php\/wp-json\/wp\/v2\/comments?post=112"}],"version-history":[{"count":3,"href":"http:\/\/www.haarkultur.at\/index.php\/wp-json\/wp\/v2\/pages\/112\/revisions"}],"predecessor-version":[{"id":160,"href":"http:\/\/www.haarkultur.at\/index.php\/wp-json\/wp\/v2\/pages\/112\/revisions\/160"}],"wp:attachment":[{"href":"http:\/\/www.haarkultur.at\/index.php\/wp-json\/wp\/v2\/media?parent=112"}],"curies":[{"name":"wp","href":"https:\/\/api.w.org\/{rel}","templated":true}]}}

<div data-elementor-type="wp-page" data-elementor-id="112" class="elementor elementor-112">
						<div class="elementor-inner">
				<div class="elementor-section-wrap">
									<section class="elementor-section elementor-top-section elementor-element elementor-element-835596c elementor-section-boxed elementor-section-height-default elementor-section-height-default" data-id="835596c" data-element_type="section">
						<div class="elementor-container elementor-column-gap-default">
							<div class="elementor-row">
					<div class="elementor-column elementor-col-100 elementor-top-column elementor-element elementor-element-01d8292" data-id="01d8292" data-element_type="column">
			<div class="elementor-column-wrap elementor-element-populated">
							<div class="elementor-widget-wrap">
						<div class="elementor-element elementor-element-1ffc1c0 elementor-widget elementor-widget-text-editor" data-id="1ffc1c0" data-element_type="widget" data-widget_type="text-editor.default">
				<div class="elementor-widget-container">
								<div class="elementor-text-editor elementor-clearfix">
				<p><b>AGB &amp; DATENSCHUTZERKLÄRUNG</b></p>					</div>
						</div>
				</div>
						</div>
					</div>
		</div>
								</div>
					</div>
		</section>
				<section class="elementor-section elementor-top-section elementor-element elementor-element-fa942df elementor-section-boxed elementor-section-height-default elementor-section-height-default" data-id="fa942df" data-element_type="section">
						<div class="elementor-container elementor-column-gap-default">
							<div class="elementor-row">
					<div class="elementor-column elementor-col-100 elementor-top-column elementor-element elementor-element-5b87770" data-id="5b87770" data-element_type="column">
			<div class="elementor-column-wrap elementor-element-populated">
							<div class="elementor-widget-wrap">
						<div class="elementor-element elementor-element-8e8939c elementor-widget elementor-widget-text-editor" data-id="8e8939c" data-element_type="widget" data-widget_type="text-editor.default">
				<div class="elementor-widget-container">
								<div class="elementor-text-editor elementor-clearfix">
				<p>Verantwortlich für die Verarbeitung Ihrer personenbezogenen Daten auf unserer Website ist die Firma Sarah Anna Design. Die Daten der Firma finden Sie im Impressum.</p><p>Der Schutz Ihrer persönlichen Daten ist uns ein besonderes Anliegen. Wir verarbeiten Ihre Daten daher ausschließlich auf Grundlage der gesetzlichen Bestimmungen (DSGVO, TKG 2003). In diesen Datenschutzinformationen informieren wir Sie über die wichtigsten Aspekte der Datenverarbeitung im Rahmen unserer Website.</p><p><strong>Cookies<br /></strong>Unsere Website verwendet so genannte Cookies. Dabei handelt es sich um kleine Textdateien, die mit Hilfe des Browsers auf Ihrem Endgerät abgelegt werden. Sie richten keinen Schaden an.</p><p>Wir nutzen Cookies dazu, unser Angebot nutzerfreundlich zu gestalten. Einige Cookies bleiben auf Ihrem Endgerät gespeichert, bis Sie diese löschen. Sie ermöglichen es uns, Ihren Browser beim nächsten Besuch wiederzuerkennen.<br />Wenn Sie dies nicht wünschen, so können Sie Ihren Browser so einrichten, dass er Sie über das Setzen von Cookies informiert und Sie dies nur im Einzelfall erlauben.<br />Bei der Deaktivierung von Cookies kann die Funktionalität unserer Website eingeschränkt sein.</p><p><strong>Ändern der Cookie-Einstellungen</strong><br />Wie der Web-Browser mit Cookies umgeht, welche Cookies zugelassen oder abgelehnt werden, kann der Benutzer in den Einstellungen des Web-Browsers festlegen. Wo genau sich diese Einstellungen befinden, hängt vom jeweiligen Web-Browser ab. Detailinformationen dazu können über die Hilfe-Funktion des jeweiligen Web-Browsers aufgerufen werden.</p><p>Wenn die Nutzung von Cookies eingeschränkt wird, sind unter Umständen nicht mehr alle Funktionen dieser Website vollumfänglich nutzbar.</p><p><strong>Google Maps<br /></strong>Unsere Webseite nutzt Google Maps um Karteninformationen darzustellen. Durch das verwenden von Google Maps werden von Google Daten eingehoben, verarbeitet und genutzt. Sie können unter folgenden Link Informatonen über die Datenverarbeitung von Google in Erfahrung bringen: https://policies.google.com/privacy?hl=de&amp;gl=at . Sie können im Datenschutzcenter ihre persönlichen Einstellungen anpassen.</p><p><strong>Verwendung von Facebook Social Plugins<br /></strong>Auf unserer Website werden sogenannte Social Plugins („Plugins“) des sozialen Netzwerkes Facebook verwendet, das von der Facebook Inc., 1601 S. California Ave, Palo Alto, CA 94304, USA („Facebook“) betrieben wird. Die Plugins sind mit einem Facebook-Logo oder dem Zusatz „Soziales Plug-in von Facebook“ bzw. „Facebook Social Plugin“ gekennzeichnet. Eine Übersicht über die Facebook Plugins und deren Aussehen finden Sie hier: https://developers.facebook.com/docs/plugins. Wenn Sie eine Seite unseres Webauftritts aufrufen, die ein solches Plugin enthält, stellt der Browser eine direkte Verbindung zu den Servern von Facebook her. Der Inhalt des Plugins wird von Facebook direkt an den Browser übermittelt und in die Seite eingebunden. Durch diese Einbindung erhält Facebook die Information, dass der Browser die entsprechende Seite unseres Webauftritts aufgerufen hat, auch wenn Sie kein Facebook-Profil besitzen oder gerade nicht bei Facebook eingeloggt sind. Diese Information wird von Ihrem Browser direkt an einen Server von Facebook in die USA übermittelt und dort gespeichert. Sind Sie bei Facebook eingeloggt, kann Facebook den Besuch unserer Website Ihrem Facebook Profil unmittelbar zuordnen. Wenn Sie mit den Plugins interagieren, zum Beispiel den „Gefällt mir“- Button betätigen oder einen Kommentar abgeben, wird diese Information ebenfalls direkt an einen Server von Facebook übermittelt und dort gespeichert. Die Informationen werden außerdem auf Ihrem Facebook-Profil veröffentlicht und Ihren Facebook-Freunden angezeigt. Zweck und Umfang der Datenerhebung und die weitere Verarbeitung und Nutzung der Daten durch Facebook sowie Ihre diesbezüglichen Rechte und Einstellungsmöglichkeiten zum Schutz Ihrer Privatsphäre entnehmen Sie bitte den Datenschutzhinweisen von Facebook: http://www.facebook.com/policy.php<span class="Apple-converted-space">  </span>Wenn Sie nicht möchten, dass Facebook die über unseren Webauftritt gesammelten Daten unmittelbar Ihrem Facebook-Profil zuordnet, müssen Sie sich vor dem Besuch unserer Website bei Facebook ausloggen. Sie können das Laden der Facebook Plugins auch mit Add-Ons für Ihren Browser komplett verhindern, z.B. mit einem „Ad Blocker“(http://comparitech.net/facebook-tracking).</p><p><strong>Verwendung von AddThis Plugins (z.B. „Share“-Button)<br /></strong>Auf unserer Website werden sogenannte Social Plugins („Plugins“) des Bookmarking-Dienstes AddThis verwendet, der von der AddThis LLC, Inc. 8000 Westpark Drive, Suite 625, McLean, VA 2210, USA („AddThis“) betrieben wird. Die Plugins sind meist mit einem AddThis-Logo beispielsweise in Form eines weißen Pluszeichens auf orangefarben Grund gekennzeichnet. Eine Übersicht über die AddThis Plugins und deren Aussehen finden Sie hier: https://www.addthis.com/get/sharing</p><p>Wenn Sie eine Seite unseres Webauftritts aufrufen, die ein solches Plugin enthält, stellt Ihr Browser eine direkte Verbindung zu den Servern von AddThis her. Der Inhalt des Plugins wird von AddThis direkt an Ihren Browser übermittelt und in die Seite eingebunden. Durch die Einbindung erhält AddThis die Information, dass Ihr Browser die entsprechende Seite unseres Webauftritts aufgerufen hat und speichert zur Identifikation Ihres Browsers ein Cookie auf Ihrem Endgerät. Diese Information (einschließlich Ihrer IP-Adresse) wird von Ihrem Browser direkt an einen Server von AddThis in die USA übermittelt und dort gespeichert. AddThis verwendet die Daten zur Erstellung anonymisierter Nutzerprofile, die als Grundlage für eine personalisierte und interessenbezogene Werbeansprache der Besucher von Internetseiten mit AddThis-Plugins dient. Zweck und Umfang der Datenerhebung und die weitere Verarbeitung und Nutzung der Daten durch AddThis entnehmen Sie bitte den Datenschutzhinweisen von AddThis: http://www.addthis.com/privacy/privacy-policy</p><p>Wenn Sie der Datenerhebung durch AddThis für die Zukunft widersprechen möchten, können Sie ein sogenanntes Opt-Out-Cookie setzen, das Sie unter folgendem Link herunterladen können: http://www.addthis.com/privacy/opt-out Sie können das Laden der AddThis Plugins auch mit Add-Ons für Ihren Browser komplett verhindern, z. B. mit dem Skript-Blocker „NoScript“ (http://noscript.net/).</p><p><strong>Ihre Rechte<br /></strong>Ihnen stehen grundsätzlich die Rechte auf Auskunft, Berichtigung, Löschung, Einschränkung, Datenübertragbarkeit, Widerruf und Widerspruch zu. Wenn Sie glauben, dass die Verarbeitung Ihrer Daten gegen das Datenschutzrecht verstößt oder Ihre datenschutzrechtlichen Ansprüche sonst in einer Weise verletzt worden sind, können Sie sich bei der Aufsichtsbehörde beschweren. In Österreich ist dies die Datenschutzbehörde.</p><p><strong><br />Sie erreichen uns unter folgenden Kontaktdaten:<br /></strong><br />Andrea Sommerauer<br />Wiener Bundesstraße 23<br />5300 Hallwang<br />Telefon: +43 (0) 664 5027417<br />E-Mail: salon@haarkultur.at<br />Web: www.haarkultur.at</p>					</div>
						</div>
				</div>
						</div>
					</div>
		</div>
								</div>
					</div>
		</section>
									</div>
			</div>
					</div>

<p>AGB &amp; DATENSCHUTZERKLÄRUNG Verantwortlich für die Verarbeitung Ihrer personenbezogenen Daten auf unserer Website ist die Firma Sarah Anna Design. Die Daten der Firma finden Sie im Impressum. Der Schutz Ihrer persönlichen Daten ist uns ein besonderes Anliegen. Wir verarbeiten Ihre Daten daher ausschließlich auf Grundlage der gesetzlichen Bestimmungen (DSGVO, TKG 2003). In diesen Datenschutzinformationen informieren [&hellip;]</p>
